2594 = 0, 50*x + 1303 = 2*d + 45*x. List the prime factors of d.
11, 59
Let f(a) = -103*a**3 + 18*a**2 + 33*a - 202. List the prime factors of f(-7).
2, 3, 67, 89
Let a = -32989 + 47907. What are the prime factors of a?
2, 7459
Suppose 3*r + 10692 = 2*f, r + 3050 = -5*f + 29763. What are the prime factors of f?
3, 13, 137
Suppose -6075 = 7*o - 12*o. Suppose 310 + o = 5*a. What are the prime factors of a?
5, 61
Let u = -20863 + 24426. What are the prime factors of u?
7, 509
Let k(z) = 4*z**3 - 8*z**2 + 3*z - 10. Let p be k(4). Suppose -5*y + p = -800. What are the prime factors of y?
2, 3, 31
Let z(i) be the third derivative of -i**6/120 - 7*i**5/30 + 5*i**4/12 + 5*i**3/6 - 21*i**2. Let w = -49 - -34. What are the prime factors of z(w)?
2, 5
Let t = 1046 - -1941. What are the prime factors of t?
29, 103
Let u = 20 - 17. Suppose m + 92 = -2*b + 3*m, 5*m - 134 = u*b. Let o = b + 97. List the prime factors of o.
7
Let m(v) = 12*v**2 + 21*v - 2. Let q be m(-2). Suppose -2*l = 5*u - 73, 2*l = -q*u + 45 + 31. List the prime factors of l.
2, 11
Let v be ((-4)/10)/(((-99)/(-585))/(-11)). Suppose 15*k + 1507 = v*k. What are the prime factors of k?
137
Suppose -2*a + 1 + 3 = 0. Let c = -98 + 106. Suppose 10 = -a*v, 2*s = -v - c + 85. What are the prime factors of s?
41
Let j(y) = y + 32. Let n be j(8). Suppose 12*c - 1684 = -n. What are the prime factors of c?
137
Suppose -4*r - c - 97 = 0, -c = r - 0*c + 28. Let l = r - -23. Suppose -320 = -2*d - 0*d - v, -2*d + 4*v + 330 = l. What are the prime factors of d?
7, 23
Let p(g) = -4*g + 8. Let k be p(2). Suppose j - 5 = 2*j, 2*j + 16 = 2*q. Suppose k*w = q*w - 222. What are the prime factors of w?
2, 37
Let f(j) = j**3 + 2*j + 310. Let m = 104 - 104. List the prime factors of f(m).
2, 5, 31
Suppose -x + 389 - 388 = 0, -75080 = -5*k - 5*x. List the prime factors of k.
3, 5, 7, 11, 13
Let d(p) = -55*p**3 - 17*p**2 + 57*p + 615. List the prime factors of d(-10).
5, 47, 227
Let o(v) = 9*v + 13. Let a be o(3). Let z = -38 + a. Suppose -715 = -k - z*k + 4*c, 5*k - 1199 = 3*c. List the prime factors of k.
241
Suppose -22*r + 7*r + 60 = 0. Let m be -6*((-8)/(-6))/(-2). Suppose m*y = -r*v + 736, 444 = 4*v - 3*y - 257. What are the prime factors of v?
179
Let q(f) = -11323*f - 297. What are the prime factors of q(-2)?
22349
What are the prime factors of 9/(-15) - (-31648)/5?
6329
Suppose 409*s + 49990 = 3*i + 410*s, 0 = -5*i - s + 83318. What are the prime factors of i?
2, 2083
Let t(v) = -14*v**2 - 4*v + 3. Let n be t(-6). Let r = n - -792. List the prime factors of 146/9 + (-7)/(r/10).
2
Let s be -4 - 18*4/(-8). Suppose 9*c + s*c = 1386. List the prime factors of c.
3, 11
Let m(a) = -a**2 - 3*a + 20. Let z be m(-6). What are the prime factors of ((-3)/z)/((-123)/24764)?
2, 151
Let c(f) = -143*f**3 + 2*f**2 - 29*f - 110. List the prime factors of c(-4).
2, 5, 919
Let g(y) = 21*y - 81. Let i(b) = -11*b + 41. Let t(k) = 2*g(k) + 5*i(k). Let p be t(-7). Let a = -24 + p. What are the prime factors of a?
2, 5, 11
Let n(h) = -3404*h - 5966. List the prime factors of n(-13).
2, 3, 709
Let g(u) = -2573*u - 7050. What are the prime factors of g(-5)?
5, 1163
Let b = 507 - 430. Let u = 510 - b. What are the prime factors of u?
433
Let g(f) = 329*f**2 - 24*f + 33. Let s(c) = -218*c**2 + 16*c - 22. Let w(v) = -5*g(v) - 8*s(v). List the prime factors of w(1).
2, 3, 17
Let w be (2*15/12)/((-2)/(-4)). Suppose 2*x + 4*b - 70 = x, 3*b - 265 = -w*x. List the prime factors of x.
2, 5
Let l(h) = 626*h**2 - 1. Let n be l(1). Let g(f) = 6*f**3 + 2*f**2 + 33*f + 112. Let c be g(-4). Let m = c + n. What are the prime factors of m?
11, 23
Suppose 63*w + 44*w + 390138 = 1859248. What are the prime factors of w?
2, 5, 1373
What are the prime factors of ((-14)/22)/7 + (-15 - 3830022/(-99))?
2, 2417
Suppose 3*j + 18*m = 92088, -m - 10192 = -2*j + 51317. List the prime factors of j.
2, 3, 5, 41
Let w(y) = -y**2 + 17*y + 35. Let r be w(17). Let o = r - -46. Suppose -o*s = -83*s + 408. What are the prime factors of s?
2, 3, 17
Suppose -4*k = -4*d + 25432, -d + 2*k + 1553 = -4808. What are the prime factors of d?
5, 31, 41
Let x(m) be the second derivative of m**3/3 + 21*m**2/2 + 9*m. Let t(h) = -h - 20. Let g(u) = -5*t(u) - 6*x(u). What are the prime factors of g(-10)?
2, 11
Suppose -4*k + 4*j = -20, 2*k + 2 = -23*j + 21*j. Suppose 0 = 4*r + 2*s - s - 3158, 1590 = k*r - 5*s. List the prime factors of r.
2, 5, 79
Let a(m) = -35*m**2 - 29*m + 14048. What are the prime factors of a(0)?
2, 439
Let z(l) = -l**3 + 4*l**2 + 7*l + 2. Let f be z(5). Suppose -5*g - 4 = -5*o - 2*g, -f = -2*o - 4*g. Suppose -o*i - 14 = -166. What are the prime factors of i?
2, 19
Let a(z) = 40*z**2 - 34*z - 1358. What are the prime factors of a(-26)?
2, 37, 359
Suppose 4526861 + 12068081 = 266*b. List the prime factors of b.
13, 4799
Suppose -404 = -8*a + 11860. List the prime factors of -3 - (-4 - (a - 5)).
11, 139
Let q(v) = 27*v**2 + 15*v + 78. What are the prime factors of q(-8)?
2, 3, 281
Suppose -2*n - 14 = -3*f + 5, -4*f + 4 = 0. Let j = n + 15. Suppose j*u - 150 = 4*u - 2*l, 2*u - 92 = -4*l. What are the prime factors of u?
2, 13
Suppose -1336*z = -1361*z + 43350. What are the prime factors of z?
2, 3, 17
Let u be (42/(-12))/((-2)/(-12)). Suppose 8*f - 6*f = -94. Let n = u - f. List the prime factors of n.
2, 13
Let k(f) = -37293*f**3 - 13*f**2 - 13*f - 1. List the prime factors of k(-1).
2, 9323
Suppose 42657 = 4*i + 5*m, 2*i - 9*m + 5*m - 21348 = 0. List the prime factors of i.
2, 3, 7, 127
Let u(t) = -7*t**2 + 14*t + 1. Let k(h) = -h**2 + 1. Let a(s) = 3*k(s) - u(s). Let w be a(3). What are the prime factors of (w - 1319/(-7)) + 9/(-21)?
2, 23
Suppose 12*j + 4*f - 306851 = 7*j, 2*j - 4*f = 122746. What are the prime factors of j?
3, 2273
Let c(r) = -r**2 - 537*r + 16398. List the prime factors of c(0).
2, 3, 911
Suppose -5*f = -15, -5*f + 2531 = 46*a - 44*a. What are the prime factors of a?
2, 17, 37
Let f = 144 - 160. List the prime factors of (-1970)/f - 22/176.
3, 41
Let m(a) = 124*a**2 + 17*a - 120. What are the prime factors of m(7)?
3, 5
Let x = 2632 - 1205. Suppose 0 = -1433*w + x*w + 8256. What are the prime factors of w?
2, 43
Let t(b) = b**2 + 4*b. Let s be t(-6). Suppose -o - s = -5*o. Suppose -2*p + o*r = -149, -2*p - 3*r + 155 = -0*p. What are the prime factors of p?
2, 19
Suppose 4*h = 6*m - 4*m - 87086, -5*m + 2*h = -217763. List the prime factors of m.
5, 31, 281
Let v(s) = 21*s + 33. Let q be v(-11). Let c be (q/(-10))/(5/(-25)). List the prime factors of -2*(4 + -3 + c).
2, 7
Suppose 32*j = 27*j + 530. Let z = j + -64. List the prime factors of (-1 - 5/(-3))*z.
2, 7
Let t(u) = -7*u - 196. Let k be t(-27). What are the prime factors of k/(416/(-83) + 5)?
7, 83
Let f be ((-3)/(-2))/((-6)/(-3816)). Let p(z) = 2*z**3 - 110*z**2 + 111*z - 20. Let r be p(54). Suppose r + f = 4*s. What are the prime factors of s?
2, 137
Let n be (-18)/63 - 3224/(-14). Let k = 184 - 321. Let b = n + k. What are the prime factors of b?
3, 31
List the prime factors of 287157/74*((10/(-6))/(-1) + -1).
13, 199
Suppose 4*y - 5 + 17 = -2*s, -y - 2 = 0. Let o(u) = 14*u + 19. Let z be o(s). List the prime factors of 137 - z/6*(-6)/(-9).
2, 3, 23
Suppose -4*k + 96 = 820. Let w = k + 350. List the prime factors of w.
13
Let a be (-30)/(-21) - 1 - (-1472)/224. Suppose a*g - 34278 = -22*g. List the prime factors of g.
2, 3, 197
Let u = 193 - 155. Suppose -u*z = -39*z + 2*d + 1525, z - 1516 = -d. List the prime factors of z.
7, 31
Let s = 15 - -6. Let d = s - 24. List the prime factors of (53/(-2)*-1)/(d/(-6)).
53
Let l(i) = -5*i + 27*i - 532 + 60*i + 513. What are the prime factors of l(5)?
17, 23
Suppose 0 = 5*w - 4*f - 0*f - 193, 0 = 4*w + 3*f - 173. Suppose 5*h - w = 9. What are the prime factors of h/4*(-460)/(-25)?
2, 23
Let r(j) be the third derivative of -9*j**4/8 - j**3/6 + j**2. Suppose 5*a - 22 = 2*t, -5*t = -0*t - 5*a + 40. List the prime factors of r(t).
7, 23
Let d = 56 + -54. Let p be d + -4*3/(-12). Suppose y - p*j - 264 = -2*y, -343 = -4*y - 5*j. What are the prime factors of y?
3, 29
Let q = -12239 - -30757. What are the prime factors of q?
2, 47, 197
Suppose 13*l = 10*l. Suppose 0 = -2*u + h + 6 + 10, -3*u - 2*h + 10 = l. Let i(w) = 7*w + 21. List the prime fact